{"id":2560,"date":"2018-01-03T16:42:58","date_gmt":"2018-01-03T16:42:58","guid":{"rendered":"http:\/\/www.campa.com.mx\/site\/?page_id=2560"},"modified":"2018-01-03T23:35:18","modified_gmt":"2018-01-03T23:35:18","slug":"immex","status":"publish","type":"page","link":"https:\/\/www.campa.com.mx\/site\/immex\/","title":{"rendered":"IMMEX"},"content":{"rendered":"<section class='page-content' style='margin-top: -20px;'  ><section class='container-fluid' style='padding-left: 0; padding-right: 0;'><div class='row' style=''><div class='col-md-12 ' style='' ><div class='cma-wysiwyg-editor'><p>\n\t\t<!-- MasterSlider -->\n\t\t<div id=\"P_MS5aef55afcda63\" class=\"master-slider-parent ms-parent-id-64\"  >\n\n\t\t\t\n\t\t\t<!-- MasterSlider Main -->\n\t\t\t<div id=\"MS5aef55afcda63\" class=\"master-slider ms-skin-default\" >\n\t\t\t\t \t\t\t\t \n\n\t\t\t<div  class=\"ms-slide\" data-delay=\"6\" data-fill-mode=\"fill\"   >\n\t\t\t\t\t<img decoding=\"async\" src=\"http:\/\/www.campa.com.mx\/site\/wp-content\/plugins\/masterslider\/public\/assets\/css\/blank.gif\" alt=\"sistema anexo24, control anexo 24, anexo 24 comercio exterior, auditoria sistemas, sistema anexo 24, software empresarial, curso comercio, que es el anexo 31, correo gobierno de Jalisco, software crm, fabrica de software, secretar\u00eda de, de la propiedad, intersist, la secretar\u00eda de econom\u00eda, software de log\u00edstica, anexo 31 2015, software tpv, automatizaci\u00f3n para la industria, secretar\u00eda econom\u00eda, software de facturaci\u00f3n, software rp, software pymes, Jalisco noticias recientes, programa comercial, control del inventario, IMMEX, Anexo 24, Empresas IMMEX, Importaciones, Comercio Exterior, Exportaci\u00f3n, Importaci\u00f3n, Control de inventarios, Comercio internacional, Comercio Exterior, Software empresarial, immex, anexo24, anexo31, comercio, noticias, aduanas, 2016, gif, importar, exportar, immex, business, entrepreneur, idea, vucem, sat\" title=\"software control_anexo24_immex\" data-src=\"http:\/\/www.campa.com.mx\/site\/wp-content\/uploads\/2017\/03\/software-control_anexo24_immex-1920x735.png\" \/>\n\n\t\t\t\t\t<img decoding=\"async\"  class=\"ms-layer\" src=\"http:\/\/www.campa.com.mx\/site\/wp-content\/plugins\/masterslider\/public\/assets\/css\/blank.gif\" data-src=\"http:\/\/www.campa.com.mx\/site\/wp-content\/uploads\/2018\/01\/immex-certificacion.png\" alt=\" Campa Software y Servicios para Empresas IMMEX: Anexo 24 y 31 Soluciones de comercio exterior para la correcta administraci\u00f3n y control del Anexo 24, 31, Expediente Electr\u00f3nico\/Digital y Certificados de Origen TLCAN.\" style=\"\"  data-effect=\"t(true,n,-150,n,n,n,n,n,n,n,n,n,n,n,n)\" data-duration=\"5200\" data-delay=\"800\" data-ease=\"easeOutQuint\"        data-type=\"image\"          data-offset-x=\"3\" data-offset-y=\"1\" data-origin=\"mc\" data-position=\"normal\" \/>\n\n\n\t\t\t\t<\/div>\n\n\t\t\t<\/div>\n\t\t\t<!-- END MasterSlider Main -->\n\n\t\t\t \n\t\t<\/div>\n\t\t<!-- END MasterSlider -->\n\n\t\t<script>\n\t\t( window.MSReady = window.MSReady || [] ).push( function( $ ) {\n\n\t\t\t\"use strict\";\n\t\t\tvar masterslider_da63 = new MasterSlider();\n\n\t\t\t\/\/ slider controls\n\t\t\t\/\/ slider setup\n\t\t\tmasterslider_da63.setup(\"MS5aef55afcda63\", {\n\t\t\t\twidth           : 1920,\n\t\t\t\theight          : 735,\n\t\t\t\tminHeight       : 0,\n\t\t\t\tspace           : 0,\n\t\t\t\tstart           : 1,\n\t\t\t\tgrabCursor      : true,\n\t\t\t\tswipe           : true,\n\t\t\t\tmouse           : true,\n\t\t\t\tkeyboard        : false,\n\t\t\t\tlayout          : \"fullwidth\",\n\t\t\t\twheel           : false,\n\t\t\t\tautoplay        : true,\n                instantStartLayers:false,\n\t\t\t\tmobileBGVideo:false,\n\t\t\t\tloop            : true,\n\t\t\t\tshuffle         : false,\n\t\t\t\tpreload         : 2,\n\t\t\t\theightLimit     : true,\n\t\t\t\tautoHeight      : true,\n\t\t\t\tsmoothHeight    : true,\n\t\t\t\tendPause        : false,\n\t\t\t\toverPause       : true,\n\t\t\t\tfillMode        : \"fill\",\n\t\t\t\tcenterControls  : false,\n\t\t\t\tstartOnAppear   : false,\n\t\t\t\tlayersMode      : \"center\",\n\t\t\t\tautofillTarget  : \"\",\n\t\t\t\thideLayers      : false,\n\t\t\t\tfullscreenMargin: 0,\n\t\t\t\tspeed           : 20,\n\t\t\t\tdir             : \"h\",\n\t\t\t\tparallaxMode    : 'swipe',\n\t\t\t\tview            : \"basic\"\n\t\t\t});\n\n\t\t\t\n\t\t\twindow.masterslider_instances = window.masterslider_instances || [];\n\t\t\twindow.masterslider_instances.push( masterslider_da63 );\n\t\t});\n\t\t<\/script>\n\n<\/p><\/div><\/div><\/div><\/section><\/section><section class='page-content custom-background image-background' style='background-image: url(https:\/\/www.campa.com.mx\/site\/wp-content\/uploads\/2018\/01\/fondo_anexo24_immex.jpeg);background-size: cover;background-repeat: repeat;margin-top: -150px;'  ><section class='container'><div class='row' style=''><div class='col-md-3 empty' style='' ><\/div><div class='col-md-6 ' style='' ><div class='custom-heading02 simple'>\r\n                            <h3>IMMEX CAMPA<\/h3>\r\n                        <\/div><\/div><div class='col-md-3 empty' style='' ><\/div><\/div><div class='row' style=''><div class='col-md-6 ' style='' ><div class='custom-heading'>\r\n                            <h4>\u00bfQu\u00e9 es el Anexo 24?<\/h4>                            \r\n                        <\/div><div class='cma-wysiwyg-editor'><p>El\u00a0Anexo 24\u00a0es una herramienta que permite consultar, de manera automatizada, informaci\u00f3n b\u00e1sica sobre los inventarios de una compa\u00f1\u00eda. Administrar y controlar este Anexo es particularmente importante para las\u00a0empresas con\u00a0Programa IMMEX<\/p><p>Objetivos principales (beneficios):<\/p><ul><li>Cumplir con las disposiciones establecidas en la Ley Aduanera, el Reglamento de la Ley aduanera y las Reglas Generales de Comercio Exterior.<\/li><li>Controlar los inventarios de mercanc\u00edas importadas temporalmente.<\/li><li>Comprobar el retorno de mercanc\u00edas importadas temporalmente y las mercanc\u00edas pendientes de retorno.<\/li><li>Generar reportes para cumplir con la informaci\u00f3n requerida por las autoridades aduaneras.<\/li><\/ul><\/div><\/div><div class='col-md-6 ' style='' ><div class='custom-heading'>\r\n                            <h4>\u00bfQu\u00e9 es IMMEX?<\/h4>                            \r\n                        <\/div><div class='cma-wysiwyg-editor'><p style=\"font-weight: 400;\">El Programa IMMEX es un instrumento mediante el cual se permite importar temporalmente los bienes necesarios para ser utilizados en un proceso industrial o de servicios destinado a la elaboraci\u00f3n, transformaci\u00f3n o reparaci\u00f3n de mercanc\u00edas de procedencia extranjera importadas temporalmente para su exportaci\u00f3n.<\/p><p style=\"font-weight: 400;\">Beneficios:<\/p><ul style=\"font-weight: 400;\"><li>Sin impuestos de importaci\u00f3n<\/li><li>Sin impuestos de IVA<\/li><li>Temporalidad de importaci\u00f3n de bienes<\/li><\/ul><\/div><\/div><\/div><div class='row' style=''><div class='col-md-3 empty' style='' ><\/div><div class='col-md-6 ' style='' ><div class='custom-heading02 simple'>\r\n                            <h3>\u00bfQue objetivo tiene la certificaci\u00f3n en Materia de IVA e IEPS?<\/h3>\r\n                        <\/div><div class='cma-wysiwyg-editor'><p>Atender las disposiciones de las Leyes del Impuesto al Valor Agregado (IVA) y del Impuesto Especial sobre Producci\u00f3n y Servicios (IEPS), otorgando un cr\u00e9dito fiscal a las empresas que se encuentren al corriente en el cumplimiento de sus obligaciones fiscales y aduaneras; consistente en una cantidad equivalente al 100% del IVA y del IEPS, que deba pagarse por la importaci\u00f3n temporal de bienes.<\/p><\/div><\/div><div class='col-md-3 empty' style='' ><\/div><\/div><\/section><\/section><section class='page-content custom-background color-background dark' style='background-color: #1e73be;'  ><section class='container'><div class='row' style=''><div class='col-md-3 empty' style='' ><\/div><div class='col-md-6 ' style='' ><div class='custom-heading02 simple'>\r\n                            <h3>\u00bfQue objetivo tiene la certificaci\u00f3n en Materia de IVA e IEPS?<\/h3>\r\n                        <\/div><div class='cma-wysiwyg-editor'><p>Atender las disposiciones de las Leyes del Impuesto al Valor Agregado (IVA) y del Impuesto Especial sobre Producci\u00f3n y Servicios (IEPS), otorgando un cr\u00e9dito fiscal a las empresas que se encuentren al corriente en el cumplimiento de sus obligaciones fiscales y aduaneras; consistente en una cantidad equivalente al 100% del IVA y del IEPS, que deba pagarse por la importaci\u00f3n temporal de bienes.<\/p><\/div><\/div><div class='col-md-3 empty' style='' ><\/div><\/div><\/section><\/section><section class='page-content' style='margin-top: 78px;'  ><section class='container'><div class='row' style=''><div class='col-md-3 empty' style='' ><\/div><div class='col-md-6 ' style='' ><div class='custom-heading02'>\r\n                            <h2>Beneficios de la Certificaci\u00f3n en Materia de IVA e IEPS:<\/h2>\r\n                            \r\n                        <\/div><div class='cma-wysiwyg-editor'><p>1. Importar temporalmente sin pagar aranceles.<\/p><p>2. Importar temporalmente sin cumplir con las restricciones no arancelarias.<\/p><p>3. Importar pagando DTA de $281 pesos por operaci\u00f3n, en lugar de .008% del valor en aduana de las mercanc\u00edas.<\/p><p>4. Hacer ahorros financieros por las compensaciones del IVA.<\/p><p>5. Realizar exportaciones dentro del pa\u00eds si la empresa cliente cuenta con un Programa IMMEX.<\/p><p>6. Diversas opciones de tratamientos aduaneros del desperdicio sin pago de IGI:<\/p><p>Destrucci\u00f3n de los desperdicios de insumos importados temporalmente con previa notificaci\u00f3n a la Autoridad.<\/p><p>Cambio de r\u00e9gimen, convirtiendo las mercanc\u00edas temporales en definitivas, realizando el pago de impuestos correspondientes.<\/p><p>Cuando la mercanc\u00eda es desperdicio se puede realizar el cambio de r\u00e9gimen a valor de desperdicio Exportar o transferir el desperdicio Donar el desperdicio<\/p><\/div><\/div><div class='col-md-3 empty' style='' ><\/div><\/div><\/section><\/section>\n","protected":false},"excerpt":{"rendered":"","protected":false},"author":1,"featured_media":0,"parent":0,"menu_order":0,"comment_status":"closed","ping_status":"closed","template":"","meta":{"inline_featured_image":false,"footnotes":""},"class_list":["post-2560","page","type-page","status-publish","hentry"],"yoast_head":"<!-- This site is optimized with the Yoast SEO plugin v20.9 - https:\/\/yoast.com\/wordpress\/plugins\/seo\/ -->\n<title>Software y Servicios para Empresas IMMEX: Anexo 24 y 31<\/title>\n<meta name=\"description\" content=\"Soluciones de comercio exterior para la correcta administraci\u00f3n y control del Anexo 24, 31, Expediente Electr\u00f3nico\/Digital y Certificados de Origen TLCAN.\" \/>\n<meta name=\"robots\" content=\"index, follow, max-snippet:-1, max-image-preview:large, max-video-preview:-1\" \/>\n<link rel=\"canonical\" href=\"https:\/\/www.campa.com.mx\/site\/immex\/\" \/>\n<meta property=\"og:locale\" content=\"es_ES\" \/>\n<meta property=\"og:type\" content=\"article\" \/>\n<meta property=\"og:title\" content=\"Software para el control del Anexo 24 y 31, Empresas IMMEX\" \/>\n<meta property=\"og:description\" content=\"Con m\u00e1s de 20 a\u00f1os en el mercado dedicados al desarrollo de software especializado en Comercio Exterior, hemos conjuntado un equipo que d\u00eda a d\u00eda da un soporte completo en la administraci\u00f3n y control de su ANEXO 24 &amp; 31; con este respaldo ponemos a sus \u00f3rdenes nuestra oferta de productos y servicios con la seguridad de que resultar\u00e1 un beneficio altamente rentable.\" \/>\n<meta property=\"og:url\" content=\"https:\/\/www.campa.com.mx\/site\/immex\/\" \/>\n<meta property=\"og:site_name\" content=\"Campa\" \/>\n<meta property=\"article:publisher\" content=\"https:\/\/www.facebook.com\/MovimientoAnexo24\" \/>\n<meta property=\"article:modified_time\" content=\"2018-01-03T23:35:18+00:00\" \/>\n<meta property=\"og:image\" content=\"https:\/\/www.campa.com.mx\/site\/wp-content\/uploads\/2017\/04\/14022091_1156700984351999_5670583686095344017_n-1.png\" \/>\n\t<meta property=\"og:image:width\" content=\"960\" \/>\n\t<meta property=\"og:image:height\" content=\"355\" \/>\n\t<meta property=\"og:image:type\" content=\"image\/png\" \/>\n<meta name=\"twitter:card\" content=\"summary_large_image\" \/>\n<meta name=\"twitter:title\" content=\"Software para el control del Anexo 24 y 31, Empresas IMMEX\" \/>\n<meta name=\"twitter:description\" content=\"Con m\u00e1s de 20 a\u00f1os en el mercado dedicados al desarrollo de software especializado en Comercio Exterior, hemos conjuntado un equipo que d\u00eda a d\u00eda da un soporte completo en la administraci\u00f3n y control de su ANEXO 24 &amp; 31; con este respaldo ponemos a sus \u00f3rdenes nuestra oferta de productos y servicios con la seguridad de que resultar\u00e1 un beneficio altamente rentable.\" \/>\n<meta name=\"twitter:image\" content=\"http:\/\/www.campa.com.mx\/site\/wp-content\/uploads\/2017\/04\/14022091_1156700984351999_5670583686095344017_n-1.png\" \/>\n<meta name=\"twitter:site\" content=\"@artycampa\" \/>\n<meta name=\"twitter:label1\" content=\"Tiempo de lectura\" \/>\n\t<meta name=\"twitter:data1\" content=\"2 minutos\" \/>\n<script type=\"application\/ld+json\" class=\"yoast-schema-graph\">{\"@context\":\"https:\/\/schema.org\",\"@graph\":[{\"@type\":\"WebPage\",\"@id\":\"https:\/\/www.campa.com.mx\/site\/immex\/\",\"url\":\"https:\/\/www.campa.com.mx\/site\/immex\/\",\"name\":\"Software y Servicios para Empresas IMMEX: Anexo 24 y 31\",\"isPartOf\":{\"@id\":\"https:\/\/www.campa.com.mx\/site\/#website\"},\"datePublished\":\"2018-01-03T16:42:58+00:00\",\"dateModified\":\"2018-01-03T23:35:18+00:00\",\"description\":\"Soluciones de comercio exterior para la correcta administraci\u00f3n y control del Anexo 24, 31, Expediente Electr\u00f3nico\/Digital y Certificados de Origen TLCAN.\",\"breadcrumb\":{\"@id\":\"https:\/\/www.campa.com.mx\/site\/immex\/#breadcrumb\"},\"inLanguage\":\"es\",\"potentialAction\":[{\"@type\":\"ReadAction\",\"target\":[\"https:\/\/www.campa.com.mx\/site\/immex\/\"]}]},{\"@type\":\"BreadcrumbList\",\"@id\":\"https:\/\/www.campa.com.mx\/site\/immex\/#breadcrumb\",\"itemListElement\":[{\"@type\":\"ListItem\",\"position\":1,\"name\":\"Portada\",\"item\":\"https:\/\/www.campa.com.mx\/site\/\"},{\"@type\":\"ListItem\",\"position\":2,\"name\":\"IMMEX\"}]},{\"@type\":\"WebSite\",\"@id\":\"https:\/\/www.campa.com.mx\/site\/#website\",\"url\":\"https:\/\/www.campa.com.mx\/site\/\",\"name\":\"Campa\",\"description\":\"Tecnolog\u00eda - Comercio Exterior - Servicios\",\"potentialAction\":[{\"@type\":\"SearchAction\",\"target\":{\"@type\":\"EntryPoint\",\"urlTemplate\":\"https:\/\/www.campa.com.mx\/site\/?s={search_term_string}\"},\"query-input\":\"required name=search_term_string\"}],\"inLanguage\":\"es\"}]}<\/script>\n<!-- \/ Yoast SEO plugin. -->","yoast_head_json":{"title":"Software y Servicios para Empresas IMMEX: Anexo 24 y 31","description":"Soluciones de comercio exterior para la correcta administraci\u00f3n y control del Anexo 24, 31, Expediente Electr\u00f3nico\/Digital y Certificados de Origen TLCAN.","robots":{"index":"index","follow":"follow","max-snippet":"max-snippet:-1","max-image-preview":"max-image-preview:large","max-video-preview":"max-video-preview:-1"},"canonical":"https:\/\/www.campa.com.mx\/site\/immex\/","og_locale":"es_ES","og_type":"article","og_title":"Software para el control del Anexo 24 y 31, Empresas IMMEX","og_description":"Con m\u00e1s de 20 a\u00f1os en el mercado dedicados al desarrollo de software especializado en Comercio Exterior, hemos conjuntado un equipo que d\u00eda a d\u00eda da un soporte completo en la administraci\u00f3n y control de su ANEXO 24 & 31; con este respaldo ponemos a sus \u00f3rdenes nuestra oferta de productos y servicios con la seguridad de que resultar\u00e1 un beneficio altamente rentable.","og_url":"https:\/\/www.campa.com.mx\/site\/immex\/","og_site_name":"Campa","article_publisher":"https:\/\/www.facebook.com\/MovimientoAnexo24","article_modified_time":"2018-01-03T23:35:18+00:00","og_image":[{"width":960,"height":355,"url":"https:\/\/www.campa.com.mx\/site\/wp-content\/uploads\/2017\/04\/14022091_1156700984351999_5670583686095344017_n-1.png","type":"image\/png"}],"twitter_card":"summary_large_image","twitter_title":"Software para el control del Anexo 24 y 31, Empresas IMMEX","twitter_description":"Con m\u00e1s de 20 a\u00f1os en el mercado dedicados al desarrollo de software especializado en Comercio Exterior, hemos conjuntado un equipo que d\u00eda a d\u00eda da un soporte completo en la administraci\u00f3n y control de su ANEXO 24 & 31; con este respaldo ponemos a sus \u00f3rdenes nuestra oferta de productos y servicios con la seguridad de que resultar\u00e1 un beneficio altamente rentable.","twitter_image":"http:\/\/www.campa.com.mx\/site\/wp-content\/uploads\/2017\/04\/14022091_1156700984351999_5670583686095344017_n-1.png","twitter_site":"@artycampa","twitter_misc":{"Tiempo de lectura":"2 minutos"},"schema":{"@context":"https:\/\/schema.org","@graph":[{"@type":"WebPage","@id":"https:\/\/www.campa.com.mx\/site\/immex\/","url":"https:\/\/www.campa.com.mx\/site\/immex\/","name":"Software y Servicios para Empresas IMMEX: Anexo 24 y 31","isPartOf":{"@id":"https:\/\/www.campa.com.mx\/site\/#website"},"datePublished":"2018-01-03T16:42:58+00:00","dateModified":"2018-01-03T23:35:18+00:00","description":"Soluciones de comercio exterior para la correcta administraci\u00f3n y control del Anexo 24, 31, Expediente Electr\u00f3nico\/Digital y Certificados de Origen TLCAN.","breadcrumb":{"@id":"https:\/\/www.campa.com.mx\/site\/immex\/#breadcrumb"},"inLanguage":"es","potentialAction":[{"@type":"ReadAction","target":["https:\/\/www.campa.com.mx\/site\/immex\/"]}]},{"@type":"BreadcrumbList","@id":"https:\/\/www.campa.com.mx\/site\/immex\/#breadcrumb","itemListElement":[{"@type":"ListItem","position":1,"name":"Portada","item":"https:\/\/www.campa.com.mx\/site\/"},{"@type":"ListItem","position":2,"name":"IMMEX"}]},{"@type":"WebSite","@id":"https:\/\/www.campa.com.mx\/site\/#website","url":"https:\/\/www.campa.com.mx\/site\/","name":"Campa","description":"Tecnolog\u00eda - Comercio Exterior - Servicios","potentialAction":[{"@type":"SearchAction","target":{"@type":"EntryPoint","urlTemplate":"https:\/\/www.campa.com.mx\/site\/?s={search_term_string}"},"query-input":"required name=search_term_string"}],"inLanguage":"es"}]}},"jetpack_sharing_enabled":true,"_links":{"self":[{"href":"https:\/\/www.campa.com.mx\/site\/wp-json\/wp\/v2\/pages\/2560","targetHints":{"allow":["GET"]}}],"collection":[{"href":"https:\/\/www.campa.com.mx\/site\/wp-json\/wp\/v2\/pages"}],"about":[{"href":"https:\/\/www.campa.com.mx\/site\/wp-json\/wp\/v2\/types\/page"}],"author":[{"embeddable":true,"href":"https:\/\/www.campa.com.mx\/site\/wp-json\/wp\/v2\/users\/1"}],"replies":[{"embeddable":true,"href":"https:\/\/www.campa.com.mx\/site\/wp-json\/wp\/v2\/comments?post=2560"}],"version-history":[{"count":36,"href":"https:\/\/www.campa.com.mx\/site\/wp-json\/wp\/v2\/pages\/2560\/revisions"}],"predecessor-version":[{"id":2599,"href":"https:\/\/www.campa.com.mx\/site\/wp-json\/wp\/v2\/pages\/2560\/revisions\/2599"}],"wp:attachment":[{"href":"https:\/\/www.campa.com.mx\/site\/wp-json\/wp\/v2\/media?parent=2560"}],"curies":[{"name":"wp","href":"https:\/\/api.w.org\/{rel}","templated":true}]}}